*2 - 330*x + 423. Is a(-49) composite?
True
Let g = 591 - 573. Is 4/(-3) - (-539718)/g composite?
False
Suppose 0 = c - 5*l - 82622, 14*l - 10*l + 165262 = 2*c. Is c prime?
False
Let m be 0*(3 + -2)/(-2). Suppose 2*y + 2*j + 3*j - 6125 = 0, 5*j + 5 = m. Is y prime?
False
Suppose -25*d - 40 = -33*d. Suppose -d*u + b + 0*b + 9050 = 0, -b = -5. Is u a prime number?
True
Let t(j) = 303*j - 94. Let y be t(2). Let m = 1127 + y. Is m a composite number?
True
Is 5 + -1 - (-39379 - -186) prime?
False
Let a(k) = 16619*k**2 + 2*k + 4. Let m(q) = 8310*q**2 + q + 2. Let i(w) = -6*a(w) + 13*m(w). Let v be i(-1). Let u = -5928 + v. Is u prime?
True
Suppose 288*m + 81219390 = 498*m. Is m a composite number?
True
Let q be 1 + -1 + (12 - 2906). Let l = q - -4879. Is l prime?
False
Let r(m) = -m**3 - 23*m**2 + 79*m + 31. Let h be r(-26). Suppose -x = -2063 - 1631. Suppose -3*i - 976 = 3*k - 3196, -i = -h*k + x. Is k prime?
True
Suppose -536*w = -715*w + 360235531. Is w a composite number?
True
Suppose -13551 + 2299 = -2*q + 2*t, -4*t = 4*q - 22464. Let v = 16745 - q. Suppose 3*z + 2503 = 4*o + v, 8 = 2*o. Is z a prime number?
True
Let p(u) be the second derivative of -u**5/2 - u**3/3 - u**2/2 + 9*u. Let x be p(-1). Let z(v) = -v**3 + 16*v**2 + 14*v + 8. Is z(x) a composite number?
True
Let d be (20/(-15))/(8/(-30)). Suppose -d*h + 2*a = -8*h + 2289, 3*a = h - 763. Is h a prime number?
False
Let t = -50108 - -76921. Is t a composite number?
False
Suppose -23*l = -25*l + 207338. Is l prime?
True
Suppose -5*c = 3*h - 5, -28 + 4 = -4*h + 2*c. Suppose -k = -h*t - 326, 63 + 254 = k + 4*t. Let z = k + 88. Is z a composite number?
False
Let h be ((-24)/20*6)/(3/(-15)). Suppose -3*n = -2*l + 43 + h, l - n = 41. Suppose -k + 587 = -l. Is k a composite number?
False
Let s be (1 - 2)/((-16)/27056). Suppose 4*n + 5*y = s, -2*y = -4*n - 0*y + 1670. Is n a prime number?
True
Let o(i) = 60*i**2 + 2*i. Suppose 6 = -4*h + h. Let t be o(h). Suppose 2*b = t + 186. Is b a composite number?
False
Suppose -38*r = -3498895 + 809737 - 139904. Is r composite?
False
Suppose 0 = 3*k + 4*x - 19, 2*x - 11 = 3*k - 42. Let l(p) = -p**3 + 11*p**2 + 10*p + 14. Let g be l(k). Suppose j + g = o - 4*j, -768 = -3*o + 5*j. Is o prime?
True
Let r(n) = 3445*n**2 + 621*n - 9617. Is r(16) a composite number?
False
Let s = 18613 - 4860. Is s a composite number?
True
Let f be ((-2)/3)/(2/1041). Let l = 166 + f. Let x = 392 + l. Is x a prime number?
True
Suppose 3*n - 6 = 3, 13 = -4*z + 3*n. Is 6/33 - (z - 40518/33) composite?
False
Let c be (-2)/(-5)*(3 + -8). Let f be (4 + 816 - c) + -2. Let b = -179 + f. Is b composite?
False
Let r(m) = -18*m**2 - 26*m**2 + 9*m - 51*m**2. Let y be r(5). Let l = 3447 + y. Is l a prime number?
True
Suppose 74*s - 1629409 = 1058049. Is s a prime number?
False
Suppose 11*i = -y + 3*i + 569525, -2277828 = -4*y + 2*i. Is y prime?
True
Suppose -90 = -2*s - 3*s. Let c be 24*((-2)/9 + 202/s). Let z = 1267 + c. Is z prime?
True
Suppose -21*p + 18*p + 2*i = 58, 0 = 4*i + 4. Let n(z) = z**3 + 38*z**2 + 21*z - 11. Is n(p) a composite number?
True
Let s be (-4 + 8)/8*2662. Suppose -5*o + 14091 = s. Let b = o - 1167. Is b a composite number?
True
Let j be 2/(-10) + 423/(-235). Is ((0 - -1)*-12706)/j prime?
True
Suppose -15 = -2*x + 3*o - 0, 3*x + 6 = -5*o. Suppose 0*d - 2*d = x*w - 7642, 5*d - 19105 = -2*w. Is d a composite number?
False
Let h = -100 + 114. Is (2/(-8))/(h/(-497560)) a prime number?
False
Suppose -5*y + 108*d - 107*d + 483642 = 0, 5*d = 2*y - 193489. Is y composite?
True
Let q = -332456 + 1715778. Is q a prime number?
False
Let l = 205 + 14142. Suppose -4*z = 2*s - 6726, 4*s = -3*z + l - 905. Is s a prime number?
True
Let s be 10916/((25/30)/((-5)/(-3))). Let a = s + -15311. Is a a prime number?
True
Let m = 74 - 59. Suppose -m + 35 = -4*l. Let d(a) = -303*a + 22. Is d(l) prime?
False
Let s be 4/(-16) - (-54)/24. Suppose 0 = a - 2*a - s*a. Suppose y + 2*r - 1057 = 0, 2*y = -a*r + 5*r + 2078. Is y a composite number?
False
Let w(v) = -v**3 - 25*v**2 - 68*v - 93. Is w(-40) a prime number?
True
Let x(o) = 221*o**2 + 21*o - 10. Let g be x(-6). Let k = g - 3913. Is k prime?
True
Let l be 6/(-33) - -10*1077/66. Suppose s - l = 3*y + 1657, -3*y = -2*s + 3643. Is s a prime number?
True
Let s be 6/(-16) + (-23695)/280. Let y = -81 - s. Suppose 950 = 3*q + y*r, -3*q + 5*r - 1266 = -7*q. Is q composite?
True
Suppose -44 = -4*g - 4*s, 0 = s - 3 + 1. Suppose 0*x = -3*x + g. Suppose 0 = -x*b + 4*h + 2052 - 355, -557 = -b - 3*h. Is b composite?
False
Let w = 6398 - 1255. Suppose 32230 = 3*k + w. Is k composite?
False
Is (85/(-17))/(35/(-29897)) a prime number?
True
Let j be (-6)/(-3) - (-1 - 1). Let a be 184/(-69) + 652/6. Suppose 6*r - j*r - a = 0. Is r composite?
False
Let o(q) = -23*q**3 + 3*q**2 + 5*q + 2. Let z be o(-4). Suppose -17*m + 55953 - z = 0. Is m composite?
False
Let d(l) = 243*l**2 + 7*l + 10. Let t be d(-3). Suppose 12963 = -7*j + t. Let s = -906 - j. Is s prime?
False
Suppose -40*i + 929970 + 2021187 = 71*i. Is i composite?
True
Suppose 2*r + 1 = 5, -5*k + 4381 = -2*r. Suppose 2*w = 1689 + k. Suppose 0 = -5*m - 3*t + w, -m + 3*t + 0*t = -271. Is m composite?
True
Let k(h) = -16957*h - 380. Is k(-3) a composite number?
True
Let p be (290650/(-35))/(6/(-126)). Suppose 52*o - p = 22*o. Is o a prime number?
True
Let n = 1864 - 815. Let c = 990 + n. Is c composite?
False
Let r(n) = 14*n**3 - 21*n**2 + 23*n - 129. Is r(7) composite?
True
Let j = -514054 - -1307067. Is j a composite number?
True
Suppose 0 = 4*p + 5*y - 4*y + 3233, -2*y = 5*p + 4042. Let k = p + 2195. Is k composite?
True
Let t(a) = 556*a**2 - 25*a + 116. Suppose -18*f + 25 = -13*f. Is t(f) composite?
True
Let t = 1126 - -946. Is -1 + 0 - -3*t/7 a composite number?
False
Suppose -6*c + 4*z = -65358, -14*z + 9*z + 10876 = c. Is c composite?
False
Suppose 56*h + 7065333 - 95645019 = -22*h. Is h composite?
True
Suppose 13*z - 29*z = 25*z - 2591651. Is z a composite number?
False
Suppose -5*u + 10*g + 4899 = 6*g, -2*u = -4*g - 1950. Let d = u - -864. Is d a prime number?
True
Let h(g) = 2*g + 53*g**2 - 2*g - 2*g - 14*g - 9. Is h(10) prime?
False
Suppose 0 = 36*t - 22*t - 805378. Is t a composite number?
False
Suppose -2*t = 5*t - 287. Let u = t + -37. Suppose -4*d - u*j = -2544, 5*d + 2245 - 5435 = -3*j. Is d a prime number?
True
Suppose d + 15 = 2*w, -3*d + 14*w - 51 = 10*w. Is (-6)/d - (-20634)/7 - -3 prime?
False
Suppose 4965 = -4*g - 5*t + 53591, -12161 = -g - 2*t. Is g prime?
True
Suppose -426 = 2*m - 436. Let q(i) = 175*i - 36. Is q(m) a composite number?
False
Let p be (4 - 5)*(0 - (-3)/(-3)). Let n be 5/p - (-24)/(-8). Suppose -5*k + 8599 = -n*g, -3*g + 8593 = 5*k - 7*g. Is k prime?
True
Suppose c + 58 = 4*a + 17, a - 3*c - 2 = 0. Suppose a*q = -40130 + 135423. Is q composite?
False
Let m = -355 + 355. Suppose -134*y + 127*y + 10885 = m. Is y a composite number?
True
Suppose -12*f - 336 = 12*f. Let t(w) = 9*w**2 - 60*w + 5. Is t(f) composite?
False
Suppose t = 116 + 98. Suppose -520 = -2*m - 5*d, 3*m + 7*d - 771 = 4*d. Let x = m + t. Is x a prime number?
False
Is (59442/(-16))/(-6*(-8)/(-384)) prime?
False
Let o = 20 + -17. Let h be (-10)/(-15) - (32/o - -2). Is (-4 - h/4)*-1709 a prime number?
True
Let n be 1/4 - 45/36 - -2. Let i be n + -1 + -1 + 0 + -13. Let m(a) = -46*a + 30. Is m(i) a composite number?
True
Suppose -3*v - 4*d = -12, -20 = 19*v - 24*v - 5*d. Is 10164 + (3 - (3 - (1 + v))) prime?
True
Suppose 3*w - 160419 = -3*n, -3*n + 78174 = -3*w + 238629. Is w a composite number?
False
Is ((-2 + 212416)*(-6)/(-8))/((-124)/(-248)) prime?
False
Suppose j = 9 - 33. Let a be 4/j*-3*0. Suppose 5*o = -a*o + 3*u + 559, -o = -u - 111. Is o prime?
True
Suppose 7*d - 4*d = 9369. Let v = -1217 - d. Let m = 6699 + v. Is m a prime number?
False
Let c(w) = 34*w**2 - 11*w - 2*w - 31 + 22*w - 12*w - 19*w. Is c(-8) a composite number?
True
Let g(k) = -101821*k - 1849. Is g(-2) prime?
False
Let d(k) = 21*k**2 - 12*k - 5. Let n(v) = -v - 2. Let o be n(14). Let c be o/(-6)*-4*(-18)/(-48). Is d(c) composite?
False
Let u be ((-76)/(-57))/((-46772)/(-46770) + -1). Suppose -u = -16*p + 12*p. Is p a composite number?
True
Let v = 43141 - -116586. Is v a composite number?
True
Suppose 5 + 5 = 2*q + 4*r, 4*q - 3*r = 64